{"id":14,"date":"2022-05-08T17:01:05","date_gmt":"2022-05-08T17:01:05","guid":{"rendered":"https:\/\/strickliesl-weingarten.de\/?page_id=14"},"modified":"2022-05-29T14:12:07","modified_gmt":"2022-05-29T14:12:07","slug":"produkte","status":"publish","type":"page","link":"https:\/\/strickliesl-weingarten.de\/index.php\/produkte\/","title":{"rendered":"Produkte"},"content":{"rendered":"\n<h2 class=\"wp-block-heading\">Handarbeitsmaterial f\u00fcr Einsteiger und Profis<\/h2>\n\n\n\n<p>Bei mir finden Sie Garn, Nadeln, Kn\u00f6pfe und Kurzwaren.<\/p>\n\n\n\n<div class=\"wp-block-media-text alignwide is-stacked-on-mobile\"><figure class=\"wp-block-media-text__media\"><img loading=\"lazy\" decoding=\"async\" width=\"700\" height=\"393\" src=\"https:\/\/strickliesl-weingarten.de\/wp-content\/uploads\/2022\/05\/Wolknaeuel.jpg\" alt=\"\" class=\"wp-image-23 size-full\" srcset=\"https:\/\/strickliesl-weingarten.de\/wp-content\/uploads\/2022\/05\/Wolknaeuel.jpg 700w, https:\/\/strickliesl-weingarten.de\/wp-content\/uploads\/2022\/05\/Wolknaeuel-300x168.jpg 300w\" sizes=\"auto, (max-width: 700px) 100vw, 700px\" \/><\/figure><div class=\"wp-block-media-text__content\">\n<h2 class=\"wp-block-heading\">Garn<\/h2>\n\n\n\n<p>Merino, Mohair, Alpaka, Baumwolle, Schurwolle, Seide, Bambus, Kamelhaar, Lurex, Pailletten, Filzwolle und Mischgarn.<\/p>\n<\/div><\/div>\n\n\n\n<div style=\"height:25px\" aria-hidden=\"true\" class=\"wp-block-spacer\"><\/div>\n\n\n\n<div class=\"wp-block-media-text alignwide is-stacked-on-mobile\"><figure class=\"wp-block-media-text__media\"><img loading=\"lazy\" decoding=\"async\" width=\"700\" height=\"393\" src=\"https:\/\/strickliesl-weingarten.de\/wp-content\/uploads\/2022\/05\/Stricknadeln.jpg\" alt=\"\" class=\"wp-image-24 size-full\" srcset=\"https:\/\/strickliesl-weingarten.de\/wp-content\/uploads\/2022\/05\/Stricknadeln.jpg 700w, https:\/\/strickliesl-weingarten.de\/wp-content\/uploads\/2022\/05\/Stricknadeln-300x168.jpg 300w\" sizes=\"auto, (max-width: 700px) 100vw, 700px\" \/><\/figure><div class=\"wp-block-media-text__content\">\n<h2 class=\"wp-block-heading\">Nadeln<\/h2>\n\n\n\n<p>Rundstricknadeln, Nadelspiele, Zopfnadeln,<br>Nadelspitzen- und Seile.<br>H\u00e4kelnadeln und tunesische H\u00e4kelnadeln.<br>Wollnadeln und diverses Zubeh\u00f6r.<\/p>\n\n\n\n<p>Alle Nadeln sind in Holz, Metall und Kunststoff verf\u00fcgbar.<\/p>\n<\/div><\/div>\n\n\n\n<div style=\"height:25px\" aria-hidden=\"true\" class=\"wp-block-spacer\"><\/div>\n\n\n\n<div class=\"wp-block-media-text alignwide is-stacked-on-mobile\"><figure class=\"wp-block-media-text__media\"><img loading=\"lazy\" decoding=\"async\" width=\"700\" height=\"393\" src=\"https:\/\/strickliesl-weingarten.de\/wp-content\/uploads\/2022\/05\/Knoepfe.jpg\" alt=\"\" class=\"wp-image-25 size-full\" srcset=\"https:\/\/strickliesl-weingarten.de\/wp-content\/uploads\/2022\/05\/Knoepfe.jpg 700w, https:\/\/strickliesl-weingarten.de\/wp-content\/uploads\/2022\/05\/Knoepfe-300x168.jpg 300w\" sizes=\"auto, (max-width: 700px) 100vw, 700px\" \/><\/figure><div class=\"wp-block-media-text__content\">\n<h2 class=\"wp-block-heading\">Kn\u00f6pfe<\/h2>\n\n\n\n<p>Holz, Kunststoff, Perlmutt, Metall, Horn, Kokos sowie Druckkn\u00f6pfe.<\/p>\n<\/div><\/div>\n\n\n\n<div style=\"height:35px\" aria-hidden=\"true\" class=\"wp-block-spacer\"><\/div>\n\n\n\n<h2 class=\"has-text-align-center wp-block-heading\">Kurzwaren<\/h2>\n\n\n\n<p class=\"has-text-align-center\">wie Rei\u00dfverschl\u00fcsse, N\u00e4hmaschinen-Nadeln, Ma\u00dfb\u00e4nder, Scheren, B\u00e4nder und vieles mehr.<\/p>\n\n\n\n<div style=\"height:35px\" aria-hidden=\"true\" class=\"wp-block-spacer\"><\/div>\n\n\n\n<h2 class=\"has-text-align-center wp-block-heading\">Second-Hand-Kleidung<\/h2>\n\n\n\n<p>Neben selbstgetrickter Kleidung biete ich auch eine kleine Auswahl an Second-Hand-Kleidung an. Gerne k\u00f6nnen Sie Ihre gut erhaltenen Kleidungsst\u00fccke auch bei mir abgeben. <\/p>\n","protected":false},"excerpt":{"rendered":"<p>Handarbeitsmaterial f\u00fcr Einsteiger und Profis Bei mir finden Sie Garn, Nadeln, Kn\u00f6pfe und Kurzwaren. Garn Merino, Mohair, Alpaka, Baumwolle, Schurwolle, Seide, Bambus, Kamelhaar, Lurex, Pailletten, Filzwolle und Mischgarn. Nadeln Rundstricknadeln, Nadelspiele, Zopfnadeln,Nadelspitzen- und Seile.H\u00e4kelnadeln und tunesische H\u00e4kelnadeln.Wollnadeln und diverses Zubeh\u00f6r. Alle Nadeln sind in Holz, Metall und Kunststoff verf\u00fcgbar. Kn\u00f6pfe Holz, Kunststoff, Perlmutt, Metall, Horn, [&hellip;]<\/p>\n","protected":false},"author":1,"featured_media":0,"parent":0,"menu_order":0,"comment_status":"closed","ping_status":"closed","template":"","meta":{"footnotes":""},"class_list":["post-14","page","type-page","status-publish","hentry"],"_links":{"self":[{"href":"https:\/\/strickliesl-weingarten.de\/index.php\/wp-json\/wp\/v2\/pages\/14","targetHints":{"allow":["GET"]}}],"collection":[{"href":"https:\/\/strickliesl-weingarten.de\/index.php\/wp-json\/wp\/v2\/pages"}],"about":[{"href":"https:\/\/strickliesl-weingarten.de\/index.php\/wp-json\/wp\/v2\/types\/page"}],"author":[{"embeddable":true,"href":"https:\/\/strickliesl-weingarten.de\/index.php\/wp-json\/wp\/v2\/users\/1"}],"replies":[{"embeddable":true,"href":"https:\/\/strickliesl-weingarten.de\/index.php\/wp-json\/wp\/v2\/comments?post=14"}],"version-history":[{"count":9,"href":"https:\/\/strickliesl-weingarten.de\/index.php\/wp-json\/wp\/v2\/pages\/14\/revisions"}],"predecessor-version":[{"id":128,"href":"https:\/\/strickliesl-weingarten.de\/index.php\/wp-json\/wp\/v2\/pages\/14\/revisions\/128"}],"wp:attachment":[{"href":"https:\/\/strickliesl-weingarten.de\/index.php\/wp-json\/wp\/v2\/media?parent=14"}],"curies":[{"name":"wp","href":"https:\/\/api.w.org\/{rel}","templated":true}]}}