{"id":18,"date":"2022-05-08T16:52:25","date_gmt":"2022-05-08T16:52:25","guid":{"rendered":"https:\/\/strickliesl-weingarten.de\/?page_id=18"},"modified":"2022-05-29T14:02:57","modified_gmt":"2022-05-29T14:02:57","slug":"startseite","status":"publish","type":"page","link":"https:\/\/strickliesl-weingarten.de\/","title":{"rendered":"Startseite"},"content":{"rendered":"\n<h2 class=\"wp-block-heading\">Strickliesl Weingarten<\/h2>\n\n\n\n<h3 class=\"wp-block-heading\">DAS Handarbeitsfachgesch\u00e4ft f\u00fcr jeden<\/h3>\n\n\n\n<p>Bei mir finden Sie das passende Material f\u00fcr Ihr neues Handarbeitsprojekt! Gerne berate ich Sie vor Ort, telefonisch oder per Mail und stehe Ihnen f\u00fcr Fragen oder Hilfestellungen jederzeit zur Verf\u00fcgung.<\/p>\n\n\n\n<h2 class=\"wp-block-heading\">Produktvielfalt entdecken<\/h2>\n\n\n\n<figure class=\"wp-block-image size-full\"><img loading=\"lazy\" decoding=\"async\" width=\"700\" height=\"393\" src=\"https:\/\/strickliesl-weingarten.de\/wp-content\/uploads\/2022\/05\/Startseite_Vielfalt-Entdecken.jpg\" alt=\"\" class=\"wp-image-20\" srcset=\"https:\/\/strickliesl-weingarten.de\/wp-content\/uploads\/2022\/05\/Startseite_Vielfalt-Entdecken.jpg 700w, https:\/\/strickliesl-weingarten.de\/wp-content\/uploads\/2022\/05\/Startseite_Vielfalt-Entdecken-300x168.jpg 300w\" sizes=\"auto, (max-width: 700px) 100vw, 700px\" \/><figcaption>Willkommen in der Strickliesl Weingarten. Hier finden Sie von Wolle \u00fcber Nadel und Faden bis hin zu<br>Strickanleitungen alles, was Sie ben\u00f6tigen.<\/figcaption><\/figure>\n\n\n\n<p>Herzlich willkommen in meinem Fachgesch\u00e4ft f\u00fcr Handarbeit!<br>Sie finden bei mir Garne f\u00fcr jede Jahreszeit und jeden Look sowie die daf\u00fcr n\u00f6tigen Strick- und H\u00e4kelnadeln. Zus\u00e4tzlich biete ich ein umfangreiches Sortimet an Kn\u00f6pfen, N\u00e4hseide und Kurzwaren an.<\/p>\n\n\n\n<p>Lust auf Handarbeit, aber nicht gewusst wie?<br><strong>Ich biete ganzj\u00e4hrige Strick-Kurse auf Nachfrage an.<\/strong><\/p>\n\n\n\n<h2 class=\"wp-block-heading\">Ich stricke mir die Welt&#8230;<\/h2>\n\n\n\n<p>&#8230;wie sie mir gef\u00e4llt!<\/p>\n\n\n\n<p>In der Schule ein Muss, als Teenager ein Hobby, bis heute meine Leidenschaft!<\/p>\n\n\n<div class=\"wp-block-image\">\n<figure class=\"alignright size-full is-resized\"><img loading=\"lazy\" decoding=\"async\" src=\"https:\/\/strickliesl-weingarten.de\/wp-content\/uploads\/2022\/05\/Rosi_Bild.png\" alt=\"\" class=\"wp-image-21\" width=\"365\" height=\"399\" srcset=\"https:\/\/strickliesl-weingarten.de\/wp-content\/uploads\/2022\/05\/Rosi_Bild.png 641w, https:\/\/strickliesl-weingarten.de\/wp-content\/uploads\/2022\/05\/Rosi_Bild-275x300.png 275w\" sizes=\"auto, (max-width: 365px) 100vw, 365px\" \/><figcaption>Gesch\u00e4ftsf\u00fchrerin der Strickliesl Weingarten:<br>Rosemarie Cacciatore<\/figcaption><\/figure>\n<\/div>\n\n\n<p>Kommen Sie gerne in meinem Fachgesch\u00e4ft vorbei und schauen Sie sich um. Bei Fragen zu Produkten oder Hilfe bei Ihrem Handarbeitsprojekt stehe ich jederzeit gerne zur Verf\u00fcgung.<\/p>\n\n\n\n<p>Sie m\u00f6chten Ihren Liebsten etwas gestricktes oder Geh\u00e4keltes schenken? Kein Problem: <strong>Ich stricke\/h\u00e4kel Kleidungsst\u00fccke auf Bestellung und verkaufe zudem bereits selbstgefertigte Kleidungsst\u00fccke.<\/strong><\/p>\n\n\n\n<p>Ich biete auch Second-Hand-Ware an. Kommen Sie einfach in der Strickliesl Weingarten vorbei und schauen Sie sich um.<\/p>\n","protected":false},"excerpt":{"rendered":"<p>Strickliesl Weingarten DAS Handarbeitsfachgesch\u00e4ft f\u00fcr jeden Bei mir finden Sie das passende Material f\u00fcr Ihr neues Handarbeitsprojekt! Gerne berate ich Sie vor Ort, telefonisch oder per Mail und stehe Ihnen f\u00fcr Fragen oder Hilfestellungen jederzeit zur Verf\u00fcgung. Produktvielfalt entdecken Herzlich willkommen in meinem Fachgesch\u00e4ft f\u00fcr Handarbeit!Sie finden bei mir Garne f\u00fcr jede Jahreszeit und jeden [&hellip;]<\/p>\n","protected":false},"author":1,"featured_media":0,"parent":0,"menu_order":0,"comment_status":"closed","ping_status":"closed","template":"","meta":{"footnotes":""},"class_list":["post-18","page","type-page","status-publish","hentry"],"_links":{"self":[{"href":"https:\/\/strickliesl-weingarten.de\/index.php\/wp-json\/wp\/v2\/pages\/18","targetHints":{"allow":["GET"]}}],"collection":[{"href":"https:\/\/strickliesl-weingarten.de\/index.php\/wp-json\/wp\/v2\/pages"}],"about":[{"href":"https:\/\/strickliesl-weingarten.de\/index.php\/wp-json\/wp\/v2\/types\/page"}],"author":[{"embeddable":true,"href":"https:\/\/strickliesl-weingarten.de\/index.php\/wp-json\/wp\/v2\/users\/1"}],"replies":[{"embeddable":true,"href":"https:\/\/strickliesl-weingarten.de\/index.php\/wp-json\/wp\/v2\/comments?post=18"}],"version-history":[{"count":18,"href":"https:\/\/strickliesl-weingarten.de\/index.php\/wp-json\/wp\/v2\/pages\/18\/revisions"}],"predecessor-version":[{"id":121,"href":"https:\/\/strickliesl-weingarten.de\/index.php\/wp-json\/wp\/v2\/pages\/18\/revisions\/121"}],"wp:attachment":[{"href":"https:\/\/strickliesl-weingarten.de\/index.php\/wp-json\/wp\/v2\/media?parent=18"}],"curies":[{"name":"wp","href":"https:\/\/api.w.org\/{rel}","templated":true}]}}